{"id":1777,"date":"2024-03-08T16:24:12","date_gmt":"2024-03-08T15:24:12","guid":{"rendered":"https:\/\/www.gymplka.cz\/?page_id=1777"},"modified":"2025-10-21T10:07:06","modified_gmt":"2025-10-21T08:07:06","slug":"skolni-psycholog","status":"publish","type":"page","link":"https:\/\/www.gym-karvina.cz\/?page_id=1777","title":{"rendered":"\u0160koln\u00ed psycholog"},"content":{"rendered":"\n<div class=\"wp-block-columns is-layout-flex wp-container-core-columns-is-layout-9d6595d7 wp-block-columns-is-layout-flex\">\n<div class=\"wp-block-column is-layout-flow wp-block-column-is-layout-flow\" style=\"flex-basis:55%\">\n<p>\u0160koln\u00ed psycholog: <strong>PhDr. Ing. Jana Lehnerov\u00e1<\/strong><br>Psychologick\u00e9 slu\u017eby pro \u017e\u00e1ky, u\u010ditele i z\u00e1konn\u00e9 z\u00e1stupce<\/p>\n\n\n\n<p>Kontakt: <a href=\"mailto:jana.lehnerova@gym-karvina.cz\">jana.lehnerova@gym-karvina.cz<\/a><br>Telefon: <strong>596 311 197 (klapka 123)<\/strong><br>Konzulta\u010dn\u00ed hodiny:<\/p>\n\n\n\n<ul class=\"wp-block-list\">\n<li><strong>pond\u011bl\u00ed:<\/strong> 10:35 \u2013 10:55<\/li>\n\n\n\n<li><strong>st\u0159eda:<\/strong> 10:35 \u2013 10:55<\/li>\n\n\n\n<li><strong>d\u00e1le dle p\u0159edchoz\u00ed mailov\u00e9 \u010di telefonick\u00e9 domluvy<\/strong><\/li>\n<\/ul>\n<\/div>\n\n\n\n<div class=\"wp-block-column is-layout-flow wp-block-column-is-layout-flow\" style=\"flex-basis:45%\">\n<h3 class=\"wp-block-heading\">Odkazy:<\/h3>\n\n\n\n<ul class=\"wp-block-list\">\n<li><a href=\"https:\/\/www.gym-karvina.cz\/wp-content\/uploads\/2024\/03\/prava_zaku_a_jejich_zakonnych_zastupcu_gymnaziu.pdf\" target=\"_blank\" rel=\"noreferrer noopener\">Pr\u00e1va \u017e\u00e1k\u016f a jejich z\u00e1konn\u00fdch z\u00e1stupc\u016f p\u0159i poskytov\u00e1n\u00ed psychologick\u00fdch poradensk\u00fdch slu\u017eeb<\/a><\/li>\n\n\n\n<li><a href=\"https:\/\/www.gym-karvina.cz\/wp-content\/uploads\/2024\/03\/pravidla_spoluprace_se_skolnim_psychologem.pdf\" target=\"_blank\" rel=\"noreferrer noopener\">Pravidla spolupr\u00e1ce se \u0161koln\u00edm psychologem<\/a><\/li>\n<\/ul>\n<\/div>\n<\/div>\n\n\n\n<hr class=\"wp-block-separator has-alpha-channel-opacity\"\/>\n\n\n\n<h3 class=\"wp-block-heading\">N\u00e1pl\u0148 pr\u00e1ce \u0161koln\u00edho psychologa:<\/h3>\n\n\n\n<ul class=\"wp-block-list\">\n<li><strong>Diagnostika a depist\u00e1\u017e:<\/strong>\n<ul class=\"wp-block-list\">\n<li>Spolupr\u00e1ce p\u0159i adaptaci \u017e\u00e1k\u016f prvn\u00edch ro\u010dn\u00edk\u016f, depist\u00e1\u017e mo\u017en\u00fdch probl\u00e9m\u016f p\u0159i vstupu na S\u0160.<\/li>\n\n\n\n<li>Depist\u00e1\u017e specifick\u00fdch poruch u\u010den\u00ed, v\u00fdukov\u00fdch a v\u00fdchovn\u00fdch probl\u00e9m\u016f \u017e\u00e1k\u016f a nadan\u00fdch d\u011bt\u00ed.<\/li>\n\n\n\n<li>Zji\u0161\u0165ov\u00e1n\u00ed soci\u00e1ln\u00edho klimatu ve t\u0159\u00edd\u011b, screening, ankety, dotazn\u00edky ve \u0161kole.<\/li><br>\n<\/ul>\n<\/li>\n\n\n\n<li><strong>Konzulta\u010dn\u00ed, poradensk\u00e1 a interven\u010dn\u00ed pr\u00e1ce:<\/strong>\n<ul class=\"wp-block-list\">\n<li>P\u00e9\u010de o integrovan\u00e9 \u017e\u00e1ky, prevence \u0161koln\u00edho ne\u00fasp\u011bchu.<\/li>\n\n\n\n<li>Individu\u00e1ln\u00ed p\u0159\u00edpadov\u00e1 pr\u00e1ce se \u017e\u00e1ky v osobn\u00edch \u010di rodinn\u00fdch probl\u00e9mech.<\/li>\n\n\n\n<li>Krizov\u00e1 intervence a zpracov\u00e1n\u00ed krize pro \u017e\u00e1ky, pedagogick\u00e9 pracovn\u00edky a z\u00e1konn\u00e9 z\u00e1stupce.<\/li>\n\n\n\n<li>Kari\u00e9rov\u00e9 poradenstv\u00ed a diagnostika \u017e\u00e1k\u016f.<\/li>\n\n\n\n<li>Techniky a hygiena u\u010den\u00ed pro \u017e\u00e1ky, psychohygiena u\u010ditel\u016f.<\/li>\n\n\n\n<li>Skupinov\u00e1 a komunitn\u00ed pr\u00e1ce s \u017e\u00e1ky, podpora spolupr\u00e1ce t\u0159\u00eddy a t\u0159\u00eddn\u00edho u\u010ditele, stmelovac\u00ed aktivity pro t\u0159\u00eddn\u00ed kolektivy.<\/li>\n\n\n\n<li>Individu\u00e1ln\u00ed konzultace pro pedagogick\u00e9 pracovn\u00edky v oblasti v\u00fdchovy a vzd\u011bl\u00e1v\u00e1n\u00ed.<\/li>\n\n\n\n<li>Konzultace se z\u00e1konn\u00fdmi z\u00e1stupci p\u0159i v\u00fdukov\u00fdch a v\u00fdchovn\u00fdch probl\u00e9mech d\u011bt\u00ed.<\/li><br>\n<\/ul>\n<\/li>\n\n\n\n<li><strong>Metodick\u00e1 pr\u00e1ce a vzd\u011bl\u00e1vac\u00ed \u010dinnost:<\/strong>\n<ul class=\"wp-block-list\">\n<li>Metodick\u00e1 pomoc t\u0159\u00eddn\u00edm u\u010ditel\u016fm, pracovn\u00ed semin\u00e1\u0159e pro pedagogick\u00e9 pracovn\u00edky (konzultace a metodick\u00e9 veden\u00ed).<\/li>\n\n\n\n<li>Koordinace poradensk\u00fdch slu\u017eeb mimo \u0161kolu a spolupr\u00e1ce s dal\u0161\u00edmi za\u0159\u00edzen\u00edmi.<\/li>\n\n\n\n<li>Metodick\u00e9 intervence z psychodidaktiky pro u\u010ditele, podpora p\u0159i realizaci a tvorb\u011b \u0160VP.<\/li>\n\n\n\n<li>Besedy a osv\u011bta pro \u017e\u00e1ky a z\u00e1konn\u00e9 z\u00e1stupce.<\/li>\n\n\n\n<li>Prezenta\u010dn\u00ed a informa\u010dn\u00ed \u010dinnost.<\/li>\n\n\n\n<li>Participace na p\u0159\u00edprav\u011b \u017e\u00e1k\u016f k p\u0159ij\u00edmac\u00edmu \u0159\u00edzen\u00ed na vysok\u00e9 \u0161koly.<\/li>\n\n\n\n<li>Metodick\u00e1 pomoc pedagogick\u00fdm pracovn\u00edk\u016fm p\u0159i p\u0159\u00edprav\u011b vyrovn\u00e1vac\u00edch opat\u0159en\u00ed \u017e\u00e1k\u016f s r\u016fzn\u00fdm typem znev\u00fdhodn\u011bn\u00ed.<\/li>\n<\/ul>\n<\/li>\n<\/ul>\n\n\n\n<hr class=\"wp-block-separator has-alpha-channel-opacity\"\/>\n\n\n\n<h3 class=\"wp-block-heading\">Informace pro z\u00e1konn\u00e9 z\u00e1stupce a \u017e\u00e1ky:<\/h3>\n\n\n\n<p>V\u00e1\u017een\u00ed rodi\u010de, \u017e\u00e1ci,<\/p>\n\n\n\n<p>na Gymn\u00e1zium, Karvin\u00e1, p\u0159\u00eds.org. nastoupila od 1. 9. 2023 do funkce \u0161koln\u00edho psychologa <strong>PhDr. Ing. Jana Lehnerov\u00e1<\/strong>. Mohou se na ni obracet u\u010ditel\u00e9 \u0161koly, \u017e\u00e1ci i z\u00e1konn\u00ed z\u00e1stupci. V\u0161echny informace, kter\u00e9 \u0161koln\u00ed psycholog p\u0159i sv\u00e9 pr\u00e1ci z\u00edsk\u00e1, jsou v\u00e1z\u00e1ny profesn\u00edm tajemstv\u00edm a slou\u017e\u00ed pouze pro pot\u0159eby pr\u00e1ce psychologa s&nbsp;\u017e\u00e1kem, u\u010ditelem \u010di rodi\u010dem. P\u0159i sv\u00e9 pr\u00e1ci se psycholog \u0159\u00edd\u00ed etick\u00fdmi normami sv\u00e9 profese a je nez\u00e1visl\u00fdm odborn\u00edkem. \u0160koln\u00ed psycholog prov\u00e1d\u00ed v\u0161echny slu\u017eby stanoven\u00e9 vyhl\u00e1\u0161kou o poradensk\u00fdch slu\u017eb\u00e1ch ve \u0161kol\u00e1ch.<\/p>\n\n\n\n<p>Rodi\u010d\u016fm a \u017e\u00e1k\u016fm jsou nab\u00edzeny konzultace p\u0159i v\u00fdukov\u00fdch a v\u00fdchovn\u00fdch obt\u00ed\u017e\u00edch, p\u0159i volb\u011b dal\u0161\u00edho studia a dal\u0161\u00ed slu\u017eby dle \u010dinnosti \u0161koln\u00edho psychologa. Konzultaci je mo\u017en\u00e9 si sjednat e-mailem (<a href=\"mailto:jana.lehnerova@gym-karvina.cz\" target=\"_blank\" rel=\"noreferrer noopener\">jana.lehnerova@gym-karvina.cz<\/a>), telefonicky (596&nbsp;311 123), p\u0159es Bakaweb (Jana Lehnerov\u00e1) nebo osobn\u011b v&nbsp;konzulta\u010dn\u00edch hodin\u00e1ch (pond\u011bl\u00ed 10:35-10:55, st\u0159eda 10:35 &#8211; 10:55). Ve \u0161koln\u00edm roce 2025\/26 bude psycholog ve \u0161kole k&nbsp;dispozici dva dny. \u0160koln\u00ed psycholog pracuje s&nbsp;t\u0159\u00eddn\u00edmi kolektivy jako pedagogick\u00fd pracovn\u00edk. Jedn\u00e1 se nap\u0159. o skupinov\u00e9 aktivity ve t\u0159\u00edd\u011b, ankety, prevenci patologick\u00fdch jev\u016f, krizov\u00e9 situace. V&nbsp;p\u0159\u00edpad\u011b z\u00e1jmu se m\u016f\u017ee ka\u017ed\u00fd \u017e\u00e1k obr\u00e1tit na \u0161koln\u00edho psychologa a konzultovat sv\u00e9 probl\u00e9my.&nbsp;<strong>Pokud by tento kontakt vy\u00fastil v&nbsp;dlouhodobou spolupr\u00e1ci, budou o tom z\u00e1konn\u00ed z\u00e1stupci okam\u017eit\u011b informov\u00e1ni a s&nbsp;d\u00edt\u011btem bude pracov\u00e1no<\/strong>&nbsp;<strong><mark style=\"background-color:rgba(0, 0, 0, 0)\" class=\"has-inline-color has-vivid-red-color\">jen s jejich individu\u00e1ln\u00edm souhlasem<\/mark><\/strong>.<\/p>\n\n\n\n<p><\/p>\n","protected":false},"excerpt":{"rendered":"<p>\u0160koln\u00ed psycholog: PhDr. Ing. Jana Lehnerov\u00e1Psychologick\u00e9 slu\u017eby pro \u017e\u00e1ky, u\u010ditele i z\u00e1konn\u00e9 z\u00e1stupce Kontakt: jana.lehnerova@gym-karvina.czTelefon: 596 311 197 (klapka 123)Konzulta\u010dn\u00ed hodiny: Odkazy: N\u00e1pl\u0148 pr\u00e1ce \u0161koln\u00edho psychologa: Informace pro z\u00e1konn\u00e9 z\u00e1stupce a \u017e\u00e1ky: V\u00e1\u017een\u00ed rodi\u010de, \u017e\u00e1ci,&#46;&#46;&#46;<\/p>\n","protected":false},"author":1,"featured_media":0,"parent":0,"menu_order":0,"comment_status":"closed","ping_status":"closed","template":"","meta":{"footnotes":""},"class_list":["post-1777","page","type-page","status-publish","hentry"],"_links":{"self":[{"href":"https:\/\/www.gym-karvina.cz\/index.php?rest_route=\/wp\/v2\/pages\/1777","targetHints":{"allow":["GET"]}}],"collection":[{"href":"https:\/\/www.gym-karvina.cz\/index.php?rest_route=\/wp\/v2\/pages"}],"about":[{"href":"https:\/\/www.gym-karvina.cz\/index.php?rest_route=\/wp\/v2\/types\/page"}],"author":[{"embeddable":true,"href":"https:\/\/www.gym-karvina.cz\/index.php?rest_route=\/wp\/v2\/users\/1"}],"replies":[{"embeddable":true,"href":"https:\/\/www.gym-karvina.cz\/index.php?rest_route=%2Fwp%2Fv2%2Fcomments&post=1777"}],"version-history":[{"count":23,"href":"https:\/\/www.gym-karvina.cz\/index.php?rest_route=\/wp\/v2\/pages\/1777\/revisions"}],"predecessor-version":[{"id":5822,"href":"https:\/\/www.gym-karvina.cz\/index.php?rest_route=\/wp\/v2\/pages\/1777\/revisions\/5822"}],"wp:attachment":[{"href":"https:\/\/www.gym-karvina.cz\/index.php?rest_route=%2Fwp%2Fv2%2Fmedia&parent=1777"}],"curies":[{"name":"wp","href":"https:\/\/api.w.org\/{rel}","templated":true}]}}

Školní psycholog

<div class="wp-block-columns is-layout-flex wp-container-core-columns-is-layout-9d6595d7 wp-block-columns-is-layout-flex">
<div class="wp-block-column is-layout-flow wp-block-column-is-layout-flow" style="flex-basis:55%">
<p>Školní psycholog: <strong>PhDr. Ing. Jana Lehnerová</strong><br>Psychologické služby pro žáky, učitele i zákonné zástupce</p>



<p>Kontakt: <a href="mailto:jana.lehnerova@gym-karvina.cz">jana.lehnerova@gym-karvina.cz</a><br>Telefon: <strong>596 311 197 (klapka 123)</strong><br>Konzultační hodiny:</p>



<ul class="wp-block-list">
<li><strong>pondělí:</strong> 10:35 – 10:55</li>



<li><strong>středa:</strong> 10:35 – 10:55</li>



<li><strong>dále dle předchozí mailové či telefonické domluvy</strong></li>
</ul>
</div>



<div class="wp-block-column is-layout-flow wp-block-column-is-layout-flow" style="flex-basis:45%">
<h3 class="wp-block-heading">Odkazy:</h3>



<ul class="wp-block-list">
<li><a href="https://www.gym-karvina.cz/wp-content/uploads/2024/03/prava_zaku_a_jejich_zakonnych_zastupcu_gymnaziu.pdf" target="_blank" rel="noreferrer noopener">Práva žáků a jejich zákonných zástupců při poskytování psychologických poradenských služeb</a></li>



<li><a href="https://www.gym-karvina.cz/wp-content/uploads/2024/03/pravidla_spoluprace_se_skolnim_psychologem.pdf" target="_blank" rel="noreferrer noopener">Pravidla spolupráce se školním psychologem</a></li>
</ul>
</div>
</div>



<hr class="wp-block-separator has-alpha-channel-opacity"/>



<h3 class="wp-block-heading">Náplň práce školního psychologa:</h3>



<ul class="wp-block-list">
<li><strong>Diagnostika a depistáž:</strong>
<ul class="wp-block-list">
<li>Spolupráce při adaptaci žáků prvních ročníků, depistáž možných problémů při vstupu na SŠ.</li>



<li>Depistáž specifických poruch učení, výukových a výchovných problémů žáků a nadaných dětí.</li>



<li>Zjišťování sociálního klimatu ve třídě, screening, ankety, dotazníky ve škole.</li><br>
</ul>
</li>



<li><strong>Konzultační, poradenská a intervenční práce:</strong>
<ul class="wp-block-list">
<li>Péče o integrované žáky, prevence školního neúspěchu.</li>



<li>Individuální případová práce se žáky v osobních či rodinných problémech.</li>



<li>Krizová intervence a zpracování krize pro žáky, pedagogické pracovníky a zákonné zástupce.</li>



<li>Kariérové poradenství a diagnostika žáků.</li>



<li>Techniky a hygiena učení pro žáky, psychohygiena učitelů.</li>



<li>Skupinová a komunitní práce s žáky, podpora spolupráce třídy a třídního učitele, stmelovací aktivity pro třídní kolektivy.</li>



<li>Individuální konzultace pro pedagogické pracovníky v oblasti výchovy a vzdělávání.</li>



<li>Konzultace se zákonnými zástupci při výukových a výchovných problémech dětí.</li><br>
</ul>
</li>



<li><strong>Metodická práce a vzdělávací činnost:</strong>
<ul class="wp-block-list">
<li>Metodická pomoc třídním učitelům, pracovní semináře pro pedagogické pracovníky (konzultace a metodické vedení).</li>



<li>Koordinace poradenských služeb mimo školu a spolupráce s dalšími zařízeními.</li>



<li>Metodické intervence z psychodidaktiky pro učitele, podpora při realizaci a tvorbě ŠVP.</li>



<li>Besedy a osvěta pro žáky a zákonné zástupce.</li>



<li>Prezentační a informační činnost.</li>



<li>Participace na přípravě žáků k přijímacímu řízení na vysoké školy.</li>



<li>Metodická pomoc pedagogickým pracovníkům při přípravě vyrovnávacích opatření žáků s různým typem znevýhodnění.</li>
</ul>
</li>
</ul>



<hr class="wp-block-separator has-alpha-channel-opacity"/>



<h3 class="wp-block-heading">Informace pro zákonné zástupce a žáky:</h3>



<p>Vážení rodiče, žáci,</p>



<p>na Gymnázium, Karviná, přís.org. nastoupila od 1. 9. 2023 do funkce školního psychologa <strong>PhDr. Ing. Jana Lehnerová</strong>. Mohou se na ni obracet učitelé školy, žáci i zákonní zástupci. Všechny informace, které školní psycholog při své práci získá, jsou vázány profesním tajemstvím a slouží pouze pro potřeby práce psychologa s&nbsp;žákem, učitelem či rodičem. Při své práci se psycholog řídí etickými normami své profese a je nezávislým odborníkem. Školní psycholog provádí všechny služby stanovené vyhláškou o poradenských službách ve školách.</p>



<p>Rodičům a žákům jsou nabízeny konzultace při výukových a výchovných obtížích, při volbě dalšího studia a další služby dle činnosti školního psychologa. Konzultaci je možné si sjednat e-mailem (<a href="mailto:jana.lehnerova@gym-karvina.cz" target="_blank" rel="noreferrer noopener">jana.lehnerova@gym-karvina.cz</a>), telefonicky (596&nbsp;311 123), přes Bakaweb (Jana Lehnerová) nebo osobně v&nbsp;konzultačních hodinách (pondělí 10:35-10:55, středa 10:35 &#8211; 10:55). Ve školním roce 2025/26 bude psycholog ve škole k&nbsp;dispozici dva dny. Školní psycholog pracuje s&nbsp;třídními kolektivy jako pedagogický pracovník. Jedná se např. o skupinové aktivity ve třídě, ankety, prevenci patologických jevů, krizové situace. V&nbsp;případě zájmu se může každý žák obrátit na školního psychologa a konzultovat své problémy.&nbsp;<strong>Pokud by tento kontakt vyústil v&nbsp;dlouhodobou spolupráci, budou o tom zákonní zástupci okamžitě informováni a s&nbsp;dítětem bude pracováno</strong>&nbsp;<strong><mark style="background-color:rgba(0, 0, 0, 0)" class="has-inline-color has-vivid-red-color">jen s jejich individuálním souhlasem</mark></strong>.</p>



<p></p>

<p>Školní psycholog: PhDr. Ing. Jana LehnerováPsychologické služby pro žáky, učitele i zákonné zástupce Kontakt: jana.lehnerova@gym-karvina.czTelefon: 596 311 197 (klapka 123)Konzultační hodiny: Odkazy: Náplň práce školního psychologa: Informace pro zákonné zástupce a žáky: Vážení rodiče, žáci,&#46;&#46;&#46;</p>
