{"id":1985,"date":"2024-03-15T16:39:26","date_gmt":"2024-03-15T15:39:26","guid":{"rendered":"https:\/\/www.gymplka.cz\/?page_id=1985"},"modified":"2024-03-15T19:26:09","modified_gmt":"2024-03-15T18:26:09","slug":"spolek-rodicu-a-pratel-skoly","status":"publish","type":"page","link":"https:\/\/www.gym-karvina.cz\/?page_id=1985","title":{"rendered":"Spolek rodi\u010d\u016f a p\u0159\u00e1tel \u0161koly"},"content":{"rendered":"\n<h4 class=\"wp-block-heading has-text-align-center\">V\u00edtejte na str\u00e1nce Spolku rodi\u010d\u016f a p\u0159\u00e1tel \u0161koly p\u0159i Gymn\u00e1ziu v Karvin\u00e9<\/h4>\n\n\n\n<div style=\"height:20px\" aria-hidden=\"true\" class=\"wp-block-spacer\"><\/div>\n\n\n\n<div class=\"wp-block-columns is-layout-flex wp-container-core-columns-is-layout-9d6595d7 wp-block-columns-is-layout-flex\">\n<div class=\"wp-block-column is-layout-flow wp-block-column-is-layout-flow\" style=\"flex-basis:55%\">\n<p>Sv\u00e9 n\u00e1m\u011bty, \u017e\u00e1dosti a p\u0159ipom\u00ednky m\u016f\u017eete pos\u00edlat na adresu:&nbsp;<a href=\"mailto:kancelar@gym-karvina.cz\">kancelar@gym-karvina.cz<\/a><\/p>\n\n\n\n<div style=\"height:10px\" aria-hidden=\"true\" class=\"wp-block-spacer\"><\/div>\n\n\n\n<p><strong>Dokumenty ke sta\u017een\u00ed:<\/strong><\/p>\n\n\n\n<ul class=\"wp-block-list\">\n<li><a href=\"https:\/\/www.gym-karvina.cz\/wp-content\/uploads\/2024\/03\/navrh_rozpoctu_srps_2022-2023.pdf\" data-type=\"attachment\" data-id=\"2005\" target=\"_blank\" rel=\"noreferrer noopener\">Finan\u010dn\u00ed prost\u0159edky 2022<br>N\u00e1vrh rozpo\u010dtu na \u0161koln\u00ed rok 2022\/2023<\/a><\/li><br>\n\n\n\n<li><a href=\"https:\/\/www.gym-karvina.cz\/wp-content\/uploads\/2024\/03\/stanovy_spolku.pdf\" data-type=\"attachment\" data-id=\"2006\" target=\"_blank\" rel=\"noreferrer noopener\">Stanovy spolku<\/a><\/li>\n<\/ul>\n<\/div>\n\n\n\n<div class=\"wp-block-column is-layout-flow wp-block-column-is-layout-flow\" style=\"flex-basis:45%\">\n<ul class=\"wp-block-list\">\n<li><strong>P\u0159edseda:<\/strong>\n<ul class=\"wp-block-list\">\n<li>Mgr. Simona Kiselov\u00e1<\/li><br>\n<\/ul>\n<\/li>\n\n\n\n<li><strong>M\u00edstop\u0159edseda:<\/strong>\n<ul class=\"wp-block-list\">\n<li>Mgr. Emil Hork\u00fd, Ph.D.<\/li><br>\n<\/ul>\n<\/li>\n\n\n\n<li><strong>\u010clenov\u00e9 v\u00fdboru:<\/strong>\n<ul class=\"wp-block-list\">\n<li>Mgr. Milo\u0161 Ku\u010dera<\/li>\n\n\n\n<li>Mgr. Monika Brz\u00e1<\/li>\n\n\n\n<li>Sylvia Crhov\u00e1<\/li><br>\n<\/ul>\n<\/li>\n\n\n\n<li><strong>P\u0159edseda kontroln\u00ed komise:<\/strong>\n<ul class=\"wp-block-list\">\n<li>Vladim\u00edra Hladk\u00e1<\/li><br>\n<\/ul>\n<\/li>\n\n\n\n<li><strong>\u010clenov\u00e9 kontroln\u00ed komise:<\/strong>\n<ul class=\"wp-block-list\">\n<li>Ing. Pavel Krutina<\/li>\n\n\n\n<li>Ing. Ladislav \u0160incl<\/li><br>\n<\/ul>\n<\/li>\n<\/ul>\n<\/div>\n<\/div>\n\n\n\n<hr class=\"wp-block-separator has-alpha-channel-opacity\"\/>\n\n\n\n<p>V\u00e1\u017een\u00ed rodi\u010de, \u010dlenov\u00e9 spolku,<\/p>\n\n\n\n<p>c\u00edlem spolku je p\u0159isp\u00edvat na\u0161im d\u011btem zejm\u00e9na materi\u00e1ln\u00ed pomoc\u00ed na aktivity, jako jsou sout\u011b\u017ee, sportovn\u00ed akce, exkurze; kter\u00e9 nemohou b\u00fdt hrazeny z&nbsp;prost\u0159edk\u016f \u0161koly. D\u00e1le z&nbsp;t\u011bchto prost\u0159edk\u016f p\u0159isp\u00edv\u00e1me na u\u010debn\u00ed pom\u016fcky, sportovn\u00ed vybaven\u00ed, kurzy a j\u00edzdn\u00e9 v&nbsp;r\u00e1mci aktivit konan\u00fdch \u0161kolou.&nbsp;<\/p>\n\n\n\n<p>Mimo tuto hlavn\u00ed \u010dinnost spolek po\u0159\u00e1d\u00e1 kulturn\u00ed, spole\u010densk\u00e9 a sportovn\u00ed akce nebo se na nich pod\u00edl\u00ed, nap\u0159.&nbsp; stu\u017ekovac\u00ed ples, ples \u0161koly apod.<\/p>\n\n\n\n<p>Prost\u0159edky na financov\u00e1n\u00ed v\u00fd\u0161e uveden\u00fdch \u010dinnost\u00ed spolek z\u00edsk\u00e1v\u00e1 p\u0159edev\u0161\u00edm od V\u00e1s rodi\u010d\u016f a&nbsp;p\u0159\u00e1tel \u0161koly. Z\u00e1rove\u0148 oslovujeme s \u017e\u00e1dostmi o poskytnut\u00ed sponzorsk\u00fdch dar\u016f subjekty soukrom\u00e9ho sektoru, kter\u00e9 p\u016fsob\u00ed v&nbsp;na\u0161em regionu.<\/p>\n\n\n\n<p><strong>Ro\u010dn\u00ed \u010dlensk\u00fd p\u0159\u00edsp\u011bvek \u010din\u00ed 500 K\u010d.<\/strong> V\u00fd\u0161e p\u0159\u00edsp\u011bvku byla schv\u00e1lena na \u010dlensk\u00e9 sch\u016fzi SRP\u0160 dne 1. 11. 2022.<\/p>\n\n\n\n<p>Mgr. Simona Kiselov\u00e1<\/p>\n\n\n\n<p>P\u0159edsedkyn\u011b<\/p>\n\n\n\n<p>Spolek rodi\u010d\u016f a p\u0159\u00e1tel \u0161koly p\u0159i Gymn\u00e1ziu v Karvin\u00e9<\/p>\n","protected":false},"excerpt":{"rendered":"<p>V\u00edtejte na str\u00e1nce Spolku rodi\u010d\u016f a p\u0159\u00e1tel \u0161koly p\u0159i Gymn\u00e1ziu v Karvin\u00e9 Sv\u00e9 n\u00e1m\u011bty, \u017e\u00e1dosti a p\u0159ipom\u00ednky m\u016f\u017eete pos\u00edlat na adresu:&nbsp;kancelar@gym-karvina.cz Dokumenty ke sta\u017een\u00ed: V\u00e1\u017een\u00ed rodi\u010de, \u010dlenov\u00e9 spolku, c\u00edlem spolku je p\u0159isp\u00edvat na\u0161im d\u011btem zejm\u00e9na&#46;&#46;&#46;<\/p>\n","protected":false},"author":1,"featured_media":0,"parent":0,"menu_order":0,"comment_status":"closed","ping_status":"closed","template":"","meta":{"footnotes":""},"class_list":["post-1985","page","type-page","status-publish","hentry"],"_links":{"self":[{"href":"https:\/\/www.gym-karvina.cz\/index.php?rest_route=\/wp\/v2\/pages\/1985","targetHints":{"allow":["GET"]}}],"collection":[{"href":"https:\/\/www.gym-karvina.cz\/index.php?rest_route=\/wp\/v2\/pages"}],"about":[{"href":"https:\/\/www.gym-karvina.cz\/index.php?rest_route=\/wp\/v2\/types\/page"}],"author":[{"embeddable":true,"href":"https:\/\/www.gym-karvina.cz\/index.php?rest_route=\/wp\/v2\/users\/1"}],"replies":[{"embeddable":true,"href":"https:\/\/www.gym-karvina.cz\/index.php?rest_route=%2Fwp%2Fv2%2Fcomments&post=1985"}],"version-history":[{"count":22,"href":"https:\/\/www.gym-karvina.cz\/index.php?rest_route=\/wp\/v2\/pages\/1985\/revisions"}],"predecessor-version":[{"id":2108,"href":"https:\/\/www.gym-karvina.cz\/index.php?rest_route=\/wp\/v2\/pages\/1985\/revisions\/2108"}],"wp:attachment":[{"href":"https:\/\/www.gym-karvina.cz\/index.php?rest_route=%2Fwp%2Fv2%2Fmedia&parent=1985"}],"curies":[{"name":"wp","href":"https:\/\/api.w.org\/{rel}","templated":true}]}}

Spolek rodičů a přátel školy

<h4 class="wp-block-heading has-text-align-center">Vítejte na stránce Spolku rodičů a přátel školy při Gymnáziu v Karviné</h4>



<div style="height:20px" aria-hidden="true" class="wp-block-spacer"></div>



<div class="wp-block-columns is-layout-flex wp-container-core-columns-is-layout-9d6595d7 wp-block-columns-is-layout-flex">
<div class="wp-block-column is-layout-flow wp-block-column-is-layout-flow" style="flex-basis:55%">
<p>Své náměty, žádosti a připomínky můžete posílat na adresu:&nbsp;<a href="mailto:kancelar@gym-karvina.cz">kancelar@gym-karvina.cz</a></p>



<div style="height:10px" aria-hidden="true" class="wp-block-spacer"></div>



<p><strong>Dokumenty ke stažení:</strong></p>



<ul class="wp-block-list">
<li><a href="https://www.gym-karvina.cz/wp-content/uploads/2024/03/navrh_rozpoctu_srps_2022-2023.pdf" data-type="attachment" data-id="2005" target="_blank" rel="noreferrer noopener">Finanční prostředky 2022<br>Návrh rozpočtu na školní rok 2022/2023</a></li><br>



<li><a href="https://www.gym-karvina.cz/wp-content/uploads/2024/03/stanovy_spolku.pdf" data-type="attachment" data-id="2006" target="_blank" rel="noreferrer noopener">Stanovy spolku</a></li>
</ul>
</div>



<div class="wp-block-column is-layout-flow wp-block-column-is-layout-flow" style="flex-basis:45%">
<ul class="wp-block-list">
<li><strong>Předseda:</strong>
<ul class="wp-block-list">
<li>Mgr. Simona Kiselová</li><br>
</ul>
</li>



<li><strong>Místopředseda:</strong>
<ul class="wp-block-list">
<li>Mgr. Emil Horký, Ph.D.</li><br>
</ul>
</li>



<li><strong>Členové výboru:</strong>
<ul class="wp-block-list">
<li>Mgr. Miloš Kučera</li>



<li>Mgr. Monika Brzá</li>



<li>Sylvia Crhová</li><br>
</ul>
</li>



<li><strong>Předseda kontrolní komise:</strong>
<ul class="wp-block-list">
<li>Vladimíra Hladká</li><br>
</ul>
</li>



<li><strong>Členové kontrolní komise:</strong>
<ul class="wp-block-list">
<li>Ing. Pavel Krutina</li>



<li>Ing. Ladislav Šincl</li><br>
</ul>
</li>
</ul>
</div>
</div>



<hr class="wp-block-separator has-alpha-channel-opacity"/>



<p>Vážení rodiče, členové spolku,</p>



<p>cílem spolku je přispívat našim dětem zejména materiální pomocí na aktivity, jako jsou soutěže, sportovní akce, exkurze; které nemohou být hrazeny z&nbsp;prostředků školy. Dále z&nbsp;těchto prostředků přispíváme na učební pomůcky, sportovní vybavení, kurzy a jízdné v&nbsp;rámci aktivit konaných školou.&nbsp;</p>



<p>Mimo tuto hlavní činnost spolek pořádá kulturní, společenské a sportovní akce nebo se na nich podílí, např.&nbsp; stužkovací ples, ples školy apod.</p>



<p>Prostředky na financování výše uvedených činností spolek získává především od Vás rodičů a&nbsp;přátel školy. Zároveň oslovujeme s žádostmi o poskytnutí sponzorských darů subjekty soukromého sektoru, které působí v&nbsp;našem regionu.</p>



<p><strong>Roční členský příspěvek činí 500 Kč.</strong> Výše příspěvku byla schválena na členské schůzi SRPŠ dne 1. 11. 2022.</p>



<p>Mgr. Simona Kiselová</p>



<p>Předsedkyně</p>



<p>Spolek rodičů a přátel školy při Gymnáziu v Karviné</p>

<p>Vítejte na stránce Spolku rodičů a přátel školy při Gymnáziu v Karviné Své náměty, žádosti a připomínky můžete posílat na adresu:&nbsp;kancelar@gym-karvina.cz Dokumenty ke stažení: Vážení rodiče, členové spolku, cílem spolku je přispívat našim dětem zejména&#46;&#46;&#46;</p>
