{"id":2056,"date":"2024-03-15T18:40:38","date_gmt":"2024-03-15T17:40:38","guid":{"rendered":"https:\/\/www.gymplka.cz\/?page_id=2056"},"modified":"2026-03-27T07:36:47","modified_gmt":"2026-03-27T06:36:47","slug":"prijimaci-rizeni","status":"publish","type":"page","link":"https:\/\/www.gym-karvina.cz\/?page_id=2056","title":{"rendered":"P\u0159ij\u00edmac\u00ed \u0159\u00edzen\u00ed"},"content":{"rendered":"\n<h4 class=\"wp-block-heading has-text-align-center\">Informace pro z\u00e1jemce o studium ve \u0161koln\u00edm roce 2026\/2027<\/h4>\n\n\n\n<p>V\u0161em z\u00e1konn\u00fdm z\u00e1stupc\u016fm, kte\u0159\u00ed podali p\u0159ihl\u00e1\u0161ku elektronicky, byly p\u0159es syst\u00e9m DIPSY (zaru\u010den\u00e1 komunikace) posl\u00e1ny pozv\u00e1nky k p\u0159ij\u00edmac\u00edmu \u0159\u00edzen\u00ed.<\/p>\n\n\n\n<p><\/p>\n\n\n\n<p><a href=\"https:\/\/www.gym-karvina.cz\/wp-content\/uploads\/2026\/01\/Rozhodnuti-o-vyhlaseni-1.-kola-PR-2026.pdf\" target=\"_blank\" rel=\"noreferrer noopener\">Vyhl\u00e1\u0161en\u00ed 1. kola p\u0159ij\u00edmac\u00edho \u0159\u00edzen\u00ed pro \u0161koln\u00ed rok 2026\/2027<\/a><\/p>\n\n\n\n<p><\/p>\n\n\n\n<p>Jednotn\u00e1 krit\u00e9ria p\u0159ij\u00edmac\u00edho \u0159\u00edzen\u00ed pro prvn\u00ed kolo p\u0159ij\u00edmac\u00edho \u0159\u00edzen\u00ed:<\/p>\n\n\n\n<p><a href=\"https:\/\/www.gym-karvina.cz\/wp-content\/uploads\/2026\/01\/GyKa-Kriteria-4leti-2026.pdf\" target=\"_blank\" rel=\"noreferrer noopener\">\u010dty\u0159let\u00e9 studium &#8211; form\u00e1t pdf<\/a><\/p>\n\n\n\n<p><a href=\"https:\/\/www.gym-karvina.cz\/wp-content\/uploads\/2026\/01\/GyKa-Kriteria-8leti-2026.pdf\" target=\"_blank\" rel=\"noreferrer noopener\">osmilet\u00e9 studium &#8211; form\u00e1t pdf<\/a><\/p>\n\n\n\n<p><\/p>\n\n\n\n<p><\/p>\n\n\n\n<p>Digit\u00e1ln\u00ed informa\u010dn\u00ed syst\u00e9m o p\u0159ij\u00edmac\u00edm \u0159\u00edzen\u00ed&nbsp;<strong>(<a href=\"https:\/\/dipsy.cz\/\" target=\"_blank\" rel=\"noreferrer noopener\">DIPSY<\/a>)<\/strong>&nbsp;<\/p>\n\n\n\n<p><strong>INFORMA\u010cN\u00cd WEB (M\u0160MT)<\/strong>&nbsp;pro rodi\u010de, uchaze\u010de a \u0161koly najdete&nbsp;<a href=\"https:\/\/www.prihlaskynastredni.cz\/\" target=\"_blank\" rel=\"noreferrer noopener\"><strong>zde.<\/strong><\/a><\/p>\n\n\n\n<p>Informace o jednotn\u00e9 p\u0159ij\u00edmac\u00ed zkou\u0161ce z&nbsp;<strong>CERMATU<\/strong>&nbsp;najdete&nbsp;<a href=\"https:\/\/prijimacky.cermat.cz\/\" target=\"_blank\" rel=\"noreferrer noopener\"><strong>zde.<\/strong><\/a><\/p>\n\n\n\n<p><strong><a href=\"https:\/\/www.gym-karvina.cz\/wp-content\/uploads\/2026\/03\/JPZ_schema_2026.pdf\" target=\"_blank\" rel=\"noreferrer noopener\">Jednotn\u00e9 zku\u0161ebn\u00ed sch\u00e9ma pro rok 2026.<\/a><\/strong><\/p>\n\n\n\n<hr class=\"wp-block-separator has-alpha-channel-opacity\"\/>\n\n\n\n<p><\/p>\n","protected":false},"excerpt":{"rendered":"<p>Informace pro z\u00e1jemce o studium ve \u0161koln\u00edm roce 2026\/2027 V\u0161em z\u00e1konn\u00fdm z\u00e1stupc\u016fm, kte\u0159\u00ed podali p\u0159ihl\u00e1\u0161ku elektronicky, byly p\u0159es syst\u00e9m DIPSY (zaru\u010den\u00e1 komunikace) posl\u00e1ny pozv\u00e1nky k p\u0159ij\u00edmac\u00edmu \u0159\u00edzen\u00ed. Vyhl\u00e1\u0161en\u00ed 1. kola p\u0159ij\u00edmac\u00edho \u0159\u00edzen\u00ed pro \u0161koln\u00ed rok&#46;&#46;&#46;<\/p>\n","protected":false},"author":1,"featured_media":0,"parent":0,"menu_order":0,"comment_status":"closed","ping_status":"closed","template":"","meta":{"footnotes":""},"class_list":["post-2056","page","type-page","status-publish","hentry"],"_links":{"self":[{"href":"https:\/\/www.gym-karvina.cz\/index.php?rest_route=\/wp\/v2\/pages\/2056","targetHints":{"allow":["GET"]}}],"collection":[{"href":"https:\/\/www.gym-karvina.cz\/index.php?rest_route=\/wp\/v2\/pages"}],"about":[{"href":"https:\/\/www.gym-karvina.cz\/index.php?rest_route=\/wp\/v2\/types\/page"}],"author":[{"embeddable":true,"href":"https:\/\/www.gym-karvina.cz\/index.php?rest_route=\/wp\/v2\/users\/1"}],"replies":[{"embeddable":true,"href":"https:\/\/www.gym-karvina.cz\/index.php?rest_route=%2Fwp%2Fv2%2Fcomments&post=2056"}],"version-history":[{"count":24,"href":"https:\/\/www.gym-karvina.cz\/index.php?rest_route=\/wp\/v2\/pages\/2056\/revisions"}],"predecessor-version":[{"id":7028,"href":"https:\/\/www.gym-karvina.cz\/index.php?rest_route=\/wp\/v2\/pages\/2056\/revisions\/7028"}],"wp:attachment":[{"href":"https:\/\/www.gym-karvina.cz\/index.php?rest_route=%2Fwp%2Fv2%2Fmedia&parent=2056"}],"curies":[{"name":"wp","href":"https:\/\/api.w.org\/{rel}","templated":true}]}}

Přijímací řízení

<h4 class="wp-block-heading has-text-align-center">Informace pro zájemce o studium ve školním roce 2026/2027</h4>



<p>Všem zákonným zástupcům, kteří podali přihlášku elektronicky, byly přes systém DIPSY (zaručená komunikace) poslány pozvánky k přijímacímu řízení.</p>



<p></p>



<p><a href="https://www.gym-karvina.cz/wp-content/uploads/2026/01/Rozhodnuti-o-vyhlaseni-1.-kola-PR-2026.pdf" target="_blank" rel="noreferrer noopener">Vyhlášení 1. kola přijímacího řízení pro školní rok 2026/2027</a></p>



<p></p>



<p>Jednotná kritéria přijímacího řízení pro první kolo přijímacího řízení:</p>



<p><a href="https://www.gym-karvina.cz/wp-content/uploads/2026/01/GyKa-Kriteria-4leti-2026.pdf" target="_blank" rel="noreferrer noopener">čtyřleté studium &#8211; formát pdf</a></p>



<p><a href="https://www.gym-karvina.cz/wp-content/uploads/2026/01/GyKa-Kriteria-8leti-2026.pdf" target="_blank" rel="noreferrer noopener">osmileté studium &#8211; formát pdf</a></p>



<p></p>



<p></p>



<p>Digitální informační systém o přijímacím řízení&nbsp;<strong>(<a href="https://dipsy.cz/" target="_blank" rel="noreferrer noopener">DIPSY</a>)</strong>&nbsp;</p>



<p><strong>INFORMAČNÍ WEB (MŠMT)</strong>&nbsp;pro rodiče, uchazeče a školy najdete&nbsp;<a href="https://www.prihlaskynastredni.cz/" target="_blank" rel="noreferrer noopener"><strong>zde.</strong></a></p>



<p>Informace o jednotné přijímací zkoušce z&nbsp;<strong>CERMATU</strong>&nbsp;najdete&nbsp;<a href="https://prijimacky.cermat.cz/" target="_blank" rel="noreferrer noopener"><strong>zde.</strong></a></p>



<p><strong><a href="https://www.gym-karvina.cz/wp-content/uploads/2026/03/JPZ_schema_2026.pdf" target="_blank" rel="noreferrer noopener">Jednotné zkušební schéma pro rok 2026.</a></strong></p>



<hr class="wp-block-separator has-alpha-channel-opacity"/>



<p></p>

<p>Informace pro zájemce o studium ve školním roce 2026/2027 Všem zákonným zástupcům, kteří podali přihlášku elektronicky, byly přes systém DIPSY (zaručená komunikace) poslány pozvánky k přijímacímu řízení. Vyhlášení 1. kola přijímacího řízení pro školní rok&#46;&#46;&#46;</p>
