{"id":2590,"date":"2024-08-14T22:26:32","date_gmt":"2024-08-14T20:26:32","guid":{"rendered":"https:\/\/www.gym-karvina.cz\/?page_id=2590"},"modified":"2024-08-18T23:04:49","modified_gmt":"2024-08-18T21:04:49","slug":"jak-2","status":"publish","type":"page","link":"https:\/\/www.gym-karvina.cz\/?page_id=2590","title":{"rendered":"JAK"},"content":{"rendered":"<div class=\"wp-block-image\">\n<figure class=\"aligncenter size-full is-resized\"><img loading=\"lazy\" decoding=\"async\" width=\"822\" height=\"535\" src=\"https:\/\/www.gym-karvina.cz\/wp-content\/uploads\/2024\/08\/JAK.png\" alt=\"\" class=\"wp-image-2591\" style=\"width:664px;height:auto\" srcset=\"https:\/\/www.gym-karvina.cz\/wp-content\/uploads\/2024\/08\/JAK.png 822w, https:\/\/www.gym-karvina.cz\/wp-content\/uploads\/2024\/08\/JAK-300x195.png 300w, https:\/\/www.gym-karvina.cz\/wp-content\/uploads\/2024\/08\/JAK-768x500.png 768w, https:\/\/www.gym-karvina.cz\/wp-content\/uploads\/2024\/08\/JAK-24x16.png 24w, https:\/\/www.gym-karvina.cz\/wp-content\/uploads\/2024\/08\/JAK-36x23.png 36w, https:\/\/www.gym-karvina.cz\/wp-content\/uploads\/2024\/08\/JAK-48x31.png 48w\" sizes=\"auto, (max-width: 822px) 100vw, 822px\" \/><\/figure>\n<\/div>\n\n\n<div style=\"height:20px\" aria-hidden=\"true\" class=\"wp-block-spacer\"><\/div>\n\n\n\n<p>\u010c\u00edslo projektu: CZ.02.02.XX\/00\/22_003\/0002103<\/p>\n\n\n\n<p>Term\u00edn: 1. 2. 2023 \u2013 31. 1. 2026<\/p>\n\n\n\n<p>V\u00fd\u0161e dotace: 2 229 962 K\u010d<\/p>\n\n\n\n<p>Projekt je zam\u011b\u0159en na kombinaci t\u00e9mat &#8211; person\u00e1ln\u00ed podpora, osobnostn\u011b soci\u00e1ln\u00ed a profesn\u00ed rozvoj pracovn\u00edk\u016f ve vzd\u011bl\u00e1v\u00e1n\u00ed, inovativn\u00ed vzd\u011bl\u00e1v\u00e1n\u00ed \u017e\u00e1k\u016f.<\/p>\n","protected":false},"excerpt":{"rendered":"<p>\u010c\u00edslo projektu: CZ.02.02.XX\/00\/22_003\/0002103 Term\u00edn: 1. 2. 2023 \u2013 31. 1. 2026 V\u00fd\u0161e dotace: 2 229 962 K\u010d Projekt je zam\u011b\u0159en na kombinaci t\u00e9mat &#8211; person\u00e1ln\u00ed podpora, osobnostn\u011b soci\u00e1ln\u00ed a profesn\u00ed rozvoj pracovn\u00edk\u016f ve vzd\u011bl\u00e1v\u00e1n\u00ed, inovativn\u00ed&#46;&#46;&#46;<\/p>\n","protected":false},"author":1,"featured_media":0,"parent":0,"menu_order":0,"comment_status":"closed","ping_status":"closed","template":"","meta":{"footnotes":""},"class_list":["post-2590","page","type-page","status-publish","hentry"],"_links":{"self":[{"href":"https:\/\/www.gym-karvina.cz\/index.php?rest_route=\/wp\/v2\/pages\/2590","targetHints":{"allow":["GET"]}}],"collection":[{"href":"https:\/\/www.gym-karvina.cz\/index.php?rest_route=\/wp\/v2\/pages"}],"about":[{"href":"https:\/\/www.gym-karvina.cz\/index.php?rest_route=\/wp\/v2\/types\/page"}],"author":[{"embeddable":true,"href":"https:\/\/www.gym-karvina.cz\/index.php?rest_route=\/wp\/v2\/users\/1"}],"replies":[{"embeddable":true,"href":"https:\/\/www.gym-karvina.cz\/index.php?rest_route=%2Fwp%2Fv2%2Fcomments&post=2590"}],"version-history":[{"count":8,"href":"https:\/\/www.gym-karvina.cz\/index.php?rest_route=\/wp\/v2\/pages\/2590\/revisions"}],"predecessor-version":[{"id":2721,"href":"https:\/\/www.gym-karvina.cz\/index.php?rest_route=\/wp\/v2\/pages\/2590\/revisions\/2721"}],"wp:attachment":[{"href":"https:\/\/www.gym-karvina.cz\/index.php?rest_route=%2Fwp%2Fv2%2Fmedia&parent=2590"}],"curies":[{"name":"wp","href":"https:\/\/api.w.org\/{rel}","templated":true}]}}

<div class="wp-block-image">
<figure class="aligncenter size-full is-resized"><img loading="lazy" decoding="async" width="822" height="535" src="https://www.gym-karvina.cz/wp-content/uploads/2024/08/JAK.png" alt="" class="wp-image-2591" style="width:664px;height:auto" srcset="https://www.gym-karvina.cz/wp-content/uploads/2024/08/JAK.png 822w, https://www.gym-karvina.cz/wp-content/uploads/2024/08/JAK-300x195.png 300w, https://www.gym-karvina.cz/wp-content/uploads/2024/08/JAK-768x500.png 768w, https://www.gym-karvina.cz/wp-content/uploads/2024/08/JAK-24x16.png 24w, https://www.gym-karvina.cz/wp-content/uploads/2024/08/JAK-36x23.png 36w, https://www.gym-karvina.cz/wp-content/uploads/2024/08/JAK-48x31.png 48w" sizes="auto, (max-width: 822px) 100vw, 822px" /></figure>
</div>


<div style="height:20px" aria-hidden="true" class="wp-block-spacer"></div>



<p>Číslo projektu: CZ.02.02.XX/00/22_003/0002103</p>



<p>Termín: 1. 2. 2023 – 31. 1. 2026</p>



<p>Výše dotace: 2 229 962 Kč</p>



<p>Projekt je zaměřen na kombinaci témat &#8211; personální podpora, osobnostně sociální a profesní rozvoj pracovníků ve vzdělávání, inovativní vzdělávání žáků.</p>

<p>Číslo projektu: CZ.02.02.XX/00/22_003/0002103 Termín: 1. 2. 2023 – 31. 1. 2026 Výše dotace: 2 229 962 Kč Projekt je zaměřen na kombinaci témat &#8211; personální podpora, osobnostně sociální a profesní rozvoj pracovníků ve vzdělávání, inovativní&#46;&#46;&#46;</p>
