{"id":4011,"date":"2024-11-14T12:44:36","date_gmt":"2024-11-14T11:44:36","guid":{"rendered":"https:\/\/www.gym-karvina.cz\/?page_id=4011"},"modified":"2025-11-28T09:05:55","modified_gmt":"2025-11-28T08:05:55","slug":"pripravne-kurzy","status":"publish","type":"page","link":"https:\/\/www.gym-karvina.cz\/?page_id=4011","title":{"rendered":"P\u0159\u00edpravn\u00e9 kurzy"},"content":{"rendered":"<h4>Gymn\u00e1zium Karvin\u00e1 po\u0159\u00e1d\u00e1 kurz<\/h4>\n<h3 style=\"text-align: center;\">OPAKOV\u00c1N\u00cd P\u0158ED P\u0158IJ\u00cdMAC\u00cdMI ZKOU\u0160KAMI<\/h3>\n<h4 style=\"margin-top: 25px;\">P\u0158\u00cdPRAVN\u00dd KURZ pro \u017e\u00e1ky 9. t\u0159\u00edd<\/h4>\n<!-- \/wp:post-content -->\n\n<!-- wp:paragraph -->\n\nGymn\u00e1zium Karvin\u00e1 po\u0159\u00e1d\u00e1 p\u0159\u00edpravn\u00e9 kurzy pro \u017e\u00e1ky 9. t\u0159\u00edd z\u00e1kladn\u00edch \u0161kol k\u00a0p\u0159ij\u00edmac\u00edm zkou\u0161k\u00e1m z\u00a0matematiky a jazyka \u010desk\u00e9ho.\n\n<!-- \/wp:paragraph -->\n\n<!-- wp:paragraph -->\n\nKurzy budou prob\u00edhat po dobu 6 t\u00fddn\u016f, v\u017edy ve st\u0159edu od\u00a0 15:30 do 18:40 h. Jednu lekci tvo\u0159\u00ed 2 hodiny matematiky a 2 hodiny \u010desk\u00e9ho jazyka. Celkem uchaze\u010di absolvuj\u00ed 12 vyu\u010dovac\u00edch hodin matematiky a 12 vyu\u010dovac\u00edch hodin \u010desk\u00e9ho jazyka.\n\n<!-- \/wp:paragraph -->\n\n<!-- wp:paragraph -->\n\nZah\u00e1jen\u00ed kurzu je ve<strong> st\u0159edu 4. \u00fanora 2026<\/strong>, p\u0159edpokl\u00e1dan\u00e9 ukon\u010den\u00ed 18. b\u0159ezna 2026.\n\n<!-- \/wp:paragraph -->\n\n<!-- wp:paragraph -->\n\nCena kurzu je 1\u00a0600,- K\u010d. Kurzovn\u00e9 \u00fa\u010dastn\u00edci uhrad\u00ed v hotovosti 4. 2. 2026 p\u0159ed zah\u00e1jen\u00edm lekce na ekonomick\u00e9m \u00faseku \u0161koly.\n\n<!-- \/wp:paragraph -->\n\n<!-- wp:paragraph -->\n\n<strong>P\u0159ihla\u0161ov\u00e1n\u00ed bude mo\u017en\u00e9 od 1. 12. 2025 do 23. 1. 2026 <a href=\"https:\/\/docs.google.com\/forms\/d\/e\/1FAIpQLSfuJcnZeSqS2uivQoW9VyZznHyukx8ujeT5SZROyfbI15cKtg\/viewform?usp=publish-editor\" target=\"_blank\" rel=\"noopener\">online formul\u00e1\u0159em<\/a>.<\/strong>\n\n<!-- \/wp:paragraph -->\n\n<!-- wp:paragraph -->\n\nV p\u0159\u00edpad\u011b dotaz\u016f pi\u0161te pros\u00edm na adresu:\u00a0<strong><em><a href=\"mailto:sylva.divisova@gym-karvina.cz\" target=\"_blank\" rel=\"noreferrer noopener\">sylva.divisova@gym-karvina.cz<\/a><\/em><\/strong>\n\n<!-- \/wp:paragraph -->\n\n<!-- wp:heading {\"level\":3} -->\n<h4 style=\"margin-top: 50px;\">OPAKOV\u00c1N\u00cd P\u0158ED P\u0158IJ\u00cdMAC\u00cdMI ZKOU\u0160KAMI pro \u017e\u00e1ky 5. t\u0159\u00edd<\/h4>\n<!-- \/wp:heading -->\n\n<!-- wp:paragraph -->\n\nGymn\u00e1zium Karvin\u00e1 po\u0159\u00e1d\u00e1 p\u0159\u00edpravn\u00e9 kurzy pro \u017e\u00e1ky\u00a05. t\u0159\u00edd z\u00e1kladn\u00edch \u0161kol k\u00a0p\u0159ij\u00edmac\u00edm zkou\u0161k\u00e1m z\u00a0matematiky a jazyka \u010desk\u00e9ho.\n\n<!-- \/wp:paragraph -->\n\n<!-- wp:paragraph -->\n\nKurzy budou prob\u00edhat po dobu \u0161esti t\u00fddn\u016f, v\u017edy v \u00fater\u00fd od 15:00 h do 17:15 h. Zah\u00e1jen\u00ed kurzu je v\u00a0\u00fater\u00fd \u00a03. 2. 2026, p\u0159edpokl\u00e1dan\u00e9 ukon\u010den\u00ed 17. 3. 2026.\n\n<!-- \/wp:paragraph -->\n\n<!-- wp:paragraph -->\n\nCena kurzu je 1 200 K\u010d. Kurzovn\u00e9 \u00fa\u010dastn\u00edci uhrad\u00ed v hotovosti 3. 2. 2026 p\u0159ed zah\u00e1jen\u00edm lekce na ekonomick\u00e9m \u00faseku \u0161koly.\n\n<!-- \/wp:paragraph -->\n\n<!-- wp:paragraph -->\n\n<strong>P\u0159ihla\u0161ov\u00e1n\u00ed bude mo\u017en\u00e9 od 1. 12. 2025 do 23. 1. 2026 <a href=\"https:\/\/docs.google.com\/forms\/d\/e\/1FAIpQLSdrtsE8db9ZDklYk3HxCvGPkp_ilqPtr2FCW7U4wph-p3Pb9g\/viewform?usp=preview\" target=\"_blank\" rel=\"noopener\">online formul\u00e1\u0159em<\/a>.<\/strong>\n\n<!-- \/wp:paragraph -->\n\n<!-- wp:paragraph -->\n\nV p\u0159\u00edpad\u011b dotaz\u016f pi\u0161te pros\u00edm na adresu:\u00a0<strong><em><a href=\"mailto:sylva.divisova@gym-karvina.cz\" target=\"_blank\" rel=\"noreferrer noopener\">sylva.divisova@gym-karvina.cz<\/a><\/em><\/strong>\n\n<!-- \/wp:paragraph -->\n\n<!-- wp:paragraph -->\n\n<!-- \/wp:paragraph -->","protected":false},"excerpt":{"rendered":"<p>Gymn\u00e1zium Karvin\u00e1 po\u0159\u00e1d\u00e1 kurz OPAKOV\u00c1N\u00cd P\u0158ED P\u0158IJ\u00cdMAC\u00cdMI ZKOU\u0160KAMI P\u0158\u00cdPRAVN\u00dd KURZ pro \u017e\u00e1ky 9. t\u0159\u00edd Gymn\u00e1zium Karvin\u00e1 po\u0159\u00e1d\u00e1 p\u0159\u00edpravn\u00e9 kurzy pro \u017e\u00e1ky 9. t\u0159\u00edd z\u00e1kladn\u00edch \u0161kol k\u00a0p\u0159ij\u00edmac\u00edm zkou\u0161k\u00e1m z\u00a0matematiky a jazyka \u010desk\u00e9ho. Kurzy budou prob\u00edhat po&#46;&#46;&#46;<\/p>\n","protected":false},"author":3,"featured_media":0,"parent":324,"menu_order":0,"comment_status":"closed","ping_status":"closed","template":"","meta":{"footnotes":""},"class_list":["post-4011","page","type-page","status-publish","hentry"],"_links":{"self":[{"href":"https:\/\/www.gym-karvina.cz\/index.php?rest_route=\/wp\/v2\/pages\/4011","targetHints":{"allow":["GET"]}}],"collection":[{"href":"https:\/\/www.gym-karvina.cz\/index.php?rest_route=\/wp\/v2\/pages"}],"about":[{"href":"https:\/\/www.gym-karvina.cz\/index.php?rest_route=\/wp\/v2\/types\/page"}],"author":[{"embeddable":true,"href":"https:\/\/www.gym-karvina.cz\/index.php?rest_route=\/wp\/v2\/users\/3"}],"replies":[{"embeddable":true,"href":"https:\/\/www.gym-karvina.cz\/index.php?rest_route=%2Fwp%2Fv2%2Fcomments&post=4011"}],"version-history":[{"count":40,"href":"https:\/\/www.gym-karvina.cz\/index.php?rest_route=\/wp\/v2\/pages\/4011\/revisions"}],"predecessor-version":[{"id":6162,"href":"https:\/\/www.gym-karvina.cz\/index.php?rest_route=\/wp\/v2\/pages\/4011\/revisions\/6162"}],"up":[{"embeddable":true,"href":"https:\/\/www.gym-karvina.cz\/index.php?rest_route=\/wp\/v2\/pages\/324"}],"wp:attachment":[{"href":"https:\/\/www.gym-karvina.cz\/index.php?rest_route=%2Fwp%2Fv2%2Fmedia&parent=4011"}],"curies":[{"name":"wp","href":"https:\/\/api.w.org\/{rel}","templated":true}]}}

Přípravné kurzy

<h4>Gymnázium Karviná pořádá kurz</h4>
<h3 style="text-align: center;">OPAKOVÁNÍ PŘED PŘIJÍMACÍMI ZKOUŠKAMI</h3>
<h4 style="margin-top: 25px;">PŘÍPRAVNÝ KURZ pro žáky 9. tříd</h4>
<!-- /wp:post-content -->

<!-- wp:paragraph -->

Gymnázium Karviná pořádá přípravné kurzy pro žáky 9. tříd základních škol k přijímacím zkouškám z matematiky a jazyka českého.

<!-- /wp:paragraph -->

<!-- wp:paragraph -->

Kurzy budou probíhat po dobu 6 týdnů, vždy ve středu od  15:30 do 18:40 h. Jednu lekci tvoří 2 hodiny matematiky a 2 hodiny českého jazyka. Celkem uchazeči absolvují 12 vyučovacích hodin matematiky a 12 vyučovacích hodin českého jazyka.

<!-- /wp:paragraph -->

<!-- wp:paragraph -->

Zahájení kurzu je ve<strong> středu 4. února 2026</strong>, předpokládané ukončení 18. března 2026.

<!-- /wp:paragraph -->

<!-- wp:paragraph -->

Cena kurzu je 1 600,- Kč. Kurzovné účastníci uhradí v hotovosti 4. 2. 2026 před zahájením lekce na ekonomickém úseku školy.

<!-- /wp:paragraph -->

<!-- wp:paragraph -->

<strong>Přihlašování bude možné od 1. 12. 2025 do 23. 1. 2026 <a href="https://docs.google.com/forms/d/e/1FAIpQLSfuJcnZeSqS2uivQoW9VyZznHyukx8ujeT5SZROyfbI15cKtg/viewform?usp=publish-editor" target="_blank" rel="noopener">online formulářem</a>.</strong>

<!-- /wp:paragraph -->

<!-- wp:paragraph -->

V případě dotazů pište prosím na adresu: <strong><em><a href="mailto:sylva.divisova@gym-karvina.cz" target="_blank" rel="noreferrer noopener">sylva.divisova@gym-karvina.cz</a></em></strong>

<!-- /wp:paragraph -->

<!-- wp:heading {"level":3} -->
<h4 style="margin-top: 50px;">OPAKOVÁNÍ PŘED PŘIJÍMACÍMI ZKOUŠKAMI pro žáky 5. tříd</h4>
<!-- /wp:heading -->

<!-- wp:paragraph -->

Gymnázium Karviná pořádá přípravné kurzy pro žáky 5. tříd základních škol k přijímacím zkouškám z matematiky a jazyka českého.

<!-- /wp:paragraph -->

<!-- wp:paragraph -->

Kurzy budou probíhat po dobu šesti týdnů, vždy v úterý od 15:00 h do 17:15 h. Zahájení kurzu je v úterý  3. 2. 2026, předpokládané ukončení 17. 3. 2026.

<!-- /wp:paragraph -->

<!-- wp:paragraph -->

Cena kurzu je 1 200 Kč. Kurzovné účastníci uhradí v hotovosti 3. 2. 2026 před zahájením lekce na ekonomickém úseku školy.

<!-- /wp:paragraph -->

<!-- wp:paragraph -->

<strong>Přihlašování bude možné od 1. 12. 2025 do 23. 1. 2026 <a href="https://docs.google.com/forms/d/e/1FAIpQLSdrtsE8db9ZDklYk3HxCvGPkp_ilqPtr2FCW7U4wph-p3Pb9g/viewform?usp=preview" target="_blank" rel="noopener">online formulářem</a>.</strong>

<!-- /wp:paragraph -->

<!-- wp:paragraph -->

V případě dotazů pište prosím na adresu: <strong><em><a href="mailto:sylva.divisova@gym-karvina.cz" target="_blank" rel="noreferrer noopener">sylva.divisova@gym-karvina.cz</a></em></strong>

<!-- /wp:paragraph -->

<!-- wp:paragraph -->

<!-- /wp:paragraph -->

<p>Gymnázium Karviná pořádá kurz OPAKOVÁNÍ PŘED PŘIJÍMACÍMI ZKOUŠKAMI PŘÍPRAVNÝ KURZ pro žáky 9. tříd Gymnázium Karviná pořádá přípravné kurzy pro žáky 9. tříd základních škol k přijímacím zkouškám z matematiky a jazyka českého. Kurzy budou probíhat po&#46;&#46;&#46;</p>
