{"id":4073,"date":"2024-11-24T07:37:49","date_gmt":"2024-11-24T06:37:49","guid":{"rendered":"https:\/\/www.gym-karvina.cz\/?page_id=4073"},"modified":"2025-02-07T20:55:40","modified_gmt":"2025-02-07T19:55:40","slug":"epas","status":"publish","type":"page","link":"https:\/\/www.gym-karvina.cz\/?page_id=4073","title":{"rendered":"EPAS"},"content":{"rendered":"\n<div class=\"wp-block-buttons is-content-justification-center is-layout-flex wp-container-core-buttons-is-layout-8057eaf3 wp-block-buttons-is-layout-flex\">\n<div class=\"wp-block-button has-custom-font-size is-style-fill has-medium-font-size\"><a class=\"wp-block-button__link has-text-align-center wp-element-button\" href=\"https:\/\/www.gym-karvina.cz\/?page_id=4076\" style=\"border-radius:16px\">P\u0159\u00edsp\u011bvky vyslanc\u016f EP<\/a><\/div>\n<\/div>\n\n\n<div class=\"wp-block-image is-style-default\">\n<figure class=\"aligncenter size-full is-resized\"><a href=\"https:\/\/youth.europarl.europa.eu\/cs\/home.html\"><img loading=\"lazy\" decoding=\"async\" width=\"850\" height=\"167\" src=\"https:\/\/www.gym-karvina.cz\/wp-content\/uploads\/2024\/11\/ep_logo.png\" alt=\"\" class=\"wp-image-4120\" style=\"width:960px;height:auto\" srcset=\"https:\/\/www.gym-karvina.cz\/wp-content\/uploads\/2024\/11\/ep_logo.png 850w, https:\/\/www.gym-karvina.cz\/wp-content\/uploads\/2024\/11\/ep_logo-300x59.png 300w, https:\/\/www.gym-karvina.cz\/wp-content\/uploads\/2024\/11\/ep_logo-768x151.png 768w, https:\/\/www.gym-karvina.cz\/wp-content\/uploads\/2024\/11\/ep_logo-24x5.png 24w, https:\/\/www.gym-karvina.cz\/wp-content\/uploads\/2024\/11\/ep_logo-36x7.png 36w, https:\/\/www.gym-karvina.cz\/wp-content\/uploads\/2024\/11\/ep_logo-48x9.png 48w\" sizes=\"auto, (max-width: 850px) 100vw, 850px\" \/><\/a><\/figure>\n<\/div>\n\n\n<div class=\"wp-block-cover\" style=\"min-height:475px;aspect-ratio:unset;\"><span aria-hidden=\"true\" class=\"wp-block-cover__background has-background-dim-60 has-background-dim\"><\/span><img loading=\"lazy\" decoding=\"async\" width=\"1023\" height=\"683\" class=\"wp-block-cover__image-background wp-image-4170\" alt=\"\" src=\"https:\/\/www.gym-karvina.cz\/wp-content\/uploads\/2024\/11\/European-parliament.webp\" data-object-fit=\"cover\" srcset=\"https:\/\/www.gym-karvina.cz\/wp-content\/uploads\/2024\/11\/European-parliament.webp 1023w, https:\/\/www.gym-karvina.cz\/wp-content\/uploads\/2024\/11\/European-parliament-300x200.webp 300w, https:\/\/www.gym-karvina.cz\/wp-content\/uploads\/2024\/11\/European-parliament-768x513.webp 768w, https:\/\/www.gym-karvina.cz\/wp-content\/uploads\/2024\/11\/European-parliament-24x16.webp 24w, https:\/\/www.gym-karvina.cz\/wp-content\/uploads\/2024\/11\/European-parliament-36x24.webp 36w, https:\/\/www.gym-karvina.cz\/wp-content\/uploads\/2024\/11\/European-parliament-48x32.webp 48w\" sizes=\"auto, (max-width: 1023px) 100vw, 1023px\" \/><div class=\"wp-block-cover__inner-container is-layout-flow wp-block-cover-is-layout-flow\">\n<h2 class=\"wp-block-heading\" style=\"font-size:36px\"><strong>O PROGRAMU EPAS<\/strong><\/h2>\n\n\n\n<p><strong>Program \u201e\u0160koly \u2013 vyslanci Evropsk\u00e9ho parlamentu\u201c m\u00e1 zvy\u0161ovat informovanost student\u016f a \u017e\u00e1k\u016f o evropsk\u00e9 parlamentn\u00ed demokracii, \u00faloze Evropsk\u00e9ho parlamentu a evropsk\u00fdch hodnot\u00e1ch. Rovn\u011b\u017e je vyb\u00edz\u00ed k aktivn\u00edmu zapojen\u00ed do demokratick\u00fdch proces\u016f EU. Zam\u011b\u0159uje se na studenty a \u017e\u00e1ky z r\u016fzn\u00fdch vzd\u011bl\u00e1vac\u00edch, socioekonomick\u00fdch nebo geografick\u00fdch prost\u0159ed\u00ed.<\/strong><\/p>\n<\/div><\/div>\n\n\n\n<p class=\"has-text-align-left\"><\/p>\n\n\n\n<div class=\"wp-block-cover wp-duotone-unset-1\" style=\"min-height:475px;aspect-ratio:unset;\"><span aria-hidden=\"true\" class=\"wp-block-cover__background has-background-dim-60 has-background-dim\"><\/span><img loading=\"lazy\" decoding=\"async\" width=\"1380\" height=\"896\" class=\"wp-block-cover__image-background wp-image-4171\" alt=\"\" src=\"https:\/\/www.gym-karvina.cz\/wp-content\/uploads\/2024\/11\/epas.jpg\" data-object-fit=\"cover\" srcset=\"https:\/\/www.gym-karvina.cz\/wp-content\/uploads\/2024\/11\/epas.jpg 1380w, https:\/\/www.gym-karvina.cz\/wp-content\/uploads\/2024\/11\/epas-300x195.jpg 300w, https:\/\/www.gym-karvina.cz\/wp-content\/uploads\/2024\/11\/epas-1024x665.jpg 1024w, https:\/\/www.gym-karvina.cz\/wp-content\/uploads\/2024\/11\/epas-768x499.jpg 768w, https:\/\/www.gym-karvina.cz\/wp-content\/uploads\/2024\/11\/epas-24x16.jpg 24w, https:\/\/www.gym-karvina.cz\/wp-content\/uploads\/2024\/11\/epas-36x23.jpg 36w, https:\/\/www.gym-karvina.cz\/wp-content\/uploads\/2024\/11\/epas-48x31.jpg 48w\" sizes=\"auto, (max-width: 1380px) 100vw, 1380px\" \/><div class=\"wp-block-cover__inner-container is-layout-flow wp-block-cover-is-layout-flow\">\n<h2 class=\"wp-block-heading\" style=\"font-size:36px\"><strong>\u010cINNOSTI<\/strong><\/h2>\n\n\n\n<p><strong>\u0160koly, kter\u00e9 jsou vybr\u00e1ny k \u00fa\u010dasti v tomto programu, jmenuj\u00ed u\u010ditele hlavn\u00edmi vyslanci a studenty pomocn\u00fdmi vyslanci a ti p\u0159evezmou odpov\u011bdnost za jeho realizaci. U\u010ditel\u00e9 se staraj\u00ed o vzd\u011bl\u00e1vac\u00ed aspekt programu a organizuj\u00ed zejm\u00e9na v\u00fduku o evropsk\u00e9 parlamentn\u00ed demokracii. Vzd\u011bl\u00e1vac\u00ed pracovn\u00edci mohou pou\u017e\u00edvat interaktivn\u00ed vzd\u011bl\u00e1vac\u00ed materi\u00e1ly Evropsk\u00e9ho parlamentu, je\u017e zahrnuj\u00ed obecn\u00e9 informace a fakta o EU, v\u00fduku o demokratick\u00fdch dovednostech a \u00fa\u010dasti na demokracii, simula\u010dn\u00ed hry ve t\u0159\u00edd\u011b a kv\u00edzy. U\u010ditel\u00e9 a studenti maj\u00ed nap\u0159\u00edklad vytvo\u0159it informa\u010dn\u00ed m\u00edsto o EU, uspo\u0159\u00e1dat akce ke Dni Evropy nebo vytv\u00e1\u0159et obsah na soci\u00e1ln\u00edch s\u00edt\u00edch. Udr\u017euj\u00ed kontakt s poslanci Evropsk\u00e9ho parlamentu a dal\u0161\u00edmi vyslanci a partnery a komunikuj\u00ed se sv\u00fdmi komunitami.<\/strong><\/p>\n<\/div><\/div>\n\n\n\n<p><\/p>\n\n\n\n<div class=\"wp-block-cover\" style=\"min-height:475px;aspect-ratio:unset;\"><span aria-hidden=\"true\" class=\"wp-block-cover__background has-background-dim-60 has-background-dim\"><\/span><img loading=\"lazy\" decoding=\"async\" width=\"1024\" height=\"576\" class=\"wp-block-cover__image-background wp-image-4178\" alt=\"\" src=\"https:\/\/www.gym-karvina.cz\/wp-content\/uploads\/2024\/11\/image-1024x576.png\" data-object-fit=\"cover\" srcset=\"https:\/\/www.gym-karvina.cz\/wp-content\/uploads\/2024\/11\/image-1024x576.png 1024w, https:\/\/www.gym-karvina.cz\/wp-content\/uploads\/2024\/11\/image-300x169.png 300w, https:\/\/www.gym-karvina.cz\/wp-content\/uploads\/2024\/11\/image-768x432.png 768w, https:\/\/www.gym-karvina.cz\/wp-content\/uploads\/2024\/11\/image-24x14.png 24w, https:\/\/www.gym-karvina.cz\/wp-content\/uploads\/2024\/11\/image-36x20.png 36w, https:\/\/www.gym-karvina.cz\/wp-content\/uploads\/2024\/11\/image-48x27.png 48w, https:\/\/www.gym-karvina.cz\/wp-content\/uploads\/2024\/11\/image.png 1280w\" sizes=\"auto, (max-width: 1024px) 100vw, 1024px\" \/><div class=\"wp-block-cover__inner-container is-layout-flow wp-block-cover-is-layout-flow\">\n<h2 class=\"wp-block-heading\" style=\"font-size:36px\"><strong>AKREDITACE A ODM\u011aNY<\/strong><\/h2>\n\n\n\n<p><strong>Na konci ka\u017ed\u00e9ho \u0161koln\u00edho roku jsou \u010dinnosti prov\u00e1d\u011bn\u00e9 \u0161kolami zhodnoceny. Po \u00fasp\u011b\u0161n\u00e9m dokon\u010den\u00ed programu z\u00edskaj\u00ed \u0161koly certifikaci jako \u0161koly \u2013 vyslanci. Na slavnostn\u00edm p\u0159ed\u00e1n\u00ed, kter\u00e9 uspo\u0159\u00e1d\u00e1 m\u00edstn\u00ed kontaktn\u00ed kancel\u00e1\u0159 Evropsk\u00e9ho parlamentu, dostanou hlavn\u00ed a pomocn\u00ed vyslanci diplomy, \u010dasto za p\u0159\u00edtomnosti poslanc\u016f Evropsk\u00e9ho parlamentu, m\u00edstn\u00edch a st\u00e1tn\u00edch p\u0159edstavitel\u016f a partner\u016f. U\u010ditel\u00e9 a studenti mohou tak\u00e9 dostat mo\u017enost z\u00fa\u010dastnit se zased\u00e1n\u00ed programu Euroscola ve \u0160trasburku nebo dal\u0161\u00edch akc\u00ed po\u0159\u00e1dan\u00fdch Evropsk\u00fdm parlamentem v \u010dlensk\u00fdch st\u00e1tech a v Bruselu nebo \u0160trasburku.<\/strong><\/p>\n<\/div><\/div>\n\n\n\n\n\n<p><\/p>\n","protected":false},"excerpt":{"rendered":"","protected":false},"author":3,"featured_media":0,"parent":0,"menu_order":0,"comment_status":"closed","ping_status":"closed","template":"","meta":{"footnotes":"[]"},"class_list":["post-4073","page","type-page","status-publish","hentry"],"_links":{"self":[{"href":"https:\/\/www.gym-karvina.cz\/index.php?rest_route=\/wp\/v2\/pages\/4073","targetHints":{"allow":["GET"]}}],"collection":[{"href":"https:\/\/www.gym-karvina.cz\/index.php?rest_route=\/wp\/v2\/pages"}],"about":[{"href":"https:\/\/www.gym-karvina.cz\/index.php?rest_route=\/wp\/v2\/types\/page"}],"author":[{"embeddable":true,"href":"https:\/\/www.gym-karvina.cz\/index.php?rest_route=\/wp\/v2\/users\/3"}],"replies":[{"embeddable":true,"href":"https:\/\/www.gym-karvina.cz\/index.php?rest_route=%2Fwp%2Fv2%2Fcomments&post=4073"}],"version-history":[{"count":52,"href":"https:\/\/www.gym-karvina.cz\/index.php?rest_route=\/wp\/v2\/pages\/4073\/revisions"}],"predecessor-version":[{"id":4611,"href":"https:\/\/www.gym-karvina.cz\/index.php?rest_route=\/wp\/v2\/pages\/4073\/revisions\/4611"}],"wp:attachment":[{"href":"https:\/\/www.gym-karvina.cz\/index.php?rest_route=%2Fwp%2Fv2%2Fmedia&parent=4073"}],"curies":[{"name":"wp","href":"https:\/\/api.w.org\/{rel}","templated":true}]}}

<div class="wp-block-buttons is-content-justification-center is-layout-flex wp-container-core-buttons-is-layout-8057eaf3 wp-block-buttons-is-layout-flex">
<div class="wp-block-button has-custom-font-size is-style-fill has-medium-font-size"><a class="wp-block-button__link has-text-align-center wp-element-button" href="https://www.gym-karvina.cz/?page_id=4076" style="border-radius:16px">Příspěvky vyslanců EP</a></div>
</div>


<div class="wp-block-image is-style-default">
<figure class="aligncenter size-full is-resized"><a href="https://youth.europarl.europa.eu/cs/home.html"><img loading="lazy" decoding="async" width="850" height="167" src="https://www.gym-karvina.cz/wp-content/uploads/2024/11/ep_logo.png" alt="" class="wp-image-4120" style="width:960px;height:auto" srcset="https://www.gym-karvina.cz/wp-content/uploads/2024/11/ep_logo.png 850w, https://www.gym-karvina.cz/wp-content/uploads/2024/11/ep_logo-300x59.png 300w, https://www.gym-karvina.cz/wp-content/uploads/2024/11/ep_logo-768x151.png 768w, https://www.gym-karvina.cz/wp-content/uploads/2024/11/ep_logo-24x5.png 24w, https://www.gym-karvina.cz/wp-content/uploads/2024/11/ep_logo-36x7.png 36w, https://www.gym-karvina.cz/wp-content/uploads/2024/11/ep_logo-48x9.png 48w" sizes="auto, (max-width: 850px) 100vw, 850px" /></a></figure>
</div>


<div class="wp-block-cover" style="min-height:475px;aspect-ratio:unset;"><span aria-hidden="true" class="wp-block-cover__background has-background-dim-60 has-background-dim"></span><img loading="lazy" decoding="async" width="1023" height="683" class="wp-block-cover__image-background wp-image-4170" alt="" src="https://www.gym-karvina.cz/wp-content/uploads/2024/11/European-parliament.webp" data-object-fit="cover" srcset="https://www.gym-karvina.cz/wp-content/uploads/2024/11/European-parliament.webp 1023w, https://www.gym-karvina.cz/wp-content/uploads/2024/11/European-parliament-300x200.webp 300w, https://www.gym-karvina.cz/wp-content/uploads/2024/11/European-parliament-768x513.webp 768w, https://www.gym-karvina.cz/wp-content/uploads/2024/11/European-parliament-24x16.webp 24w, https://www.gym-karvina.cz/wp-content/uploads/2024/11/European-parliament-36x24.webp 36w, https://www.gym-karvina.cz/wp-content/uploads/2024/11/European-parliament-48x32.webp 48w" sizes="auto, (max-width: 1023px) 100vw, 1023px" /><div class="wp-block-cover__inner-container is-layout-flow wp-block-cover-is-layout-flow">
<h2 class="wp-block-heading" style="font-size:36px"><strong>O PROGRAMU EPAS</strong></h2>



<p><strong>Program „Školy – vyslanci Evropského parlamentu“ má zvyšovat informovanost studentů a žáků o evropské parlamentní demokracii, úloze Evropského parlamentu a evropských hodnotách. Rovněž je vybízí k aktivnímu zapojení do demokratických procesů EU. Zaměřuje se na studenty a žáky z různých vzdělávacích, socioekonomických nebo geografických prostředí.</strong></p>
</div></div>



<p class="has-text-align-left"></p>



<div class="wp-block-cover wp-duotone-unset-1" style="min-height:475px;aspect-ratio:unset;"><span aria-hidden="true" class="wp-block-cover__background has-background-dim-60 has-background-dim"></span><img loading="lazy" decoding="async" width="1380" height="896" class="wp-block-cover__image-background wp-image-4171" alt="" src="https://www.gym-karvina.cz/wp-content/uploads/2024/11/epas.jpg" data-object-fit="cover" srcset="https://www.gym-karvina.cz/wp-content/uploads/2024/11/epas.jpg 1380w, https://www.gym-karvina.cz/wp-content/uploads/2024/11/epas-300x195.jpg 300w, https://www.gym-karvina.cz/wp-content/uploads/2024/11/epas-1024x665.jpg 1024w, https://www.gym-karvina.cz/wp-content/uploads/2024/11/epas-768x499.jpg 768w, https://www.gym-karvina.cz/wp-content/uploads/2024/11/epas-24x16.jpg 24w, https://www.gym-karvina.cz/wp-content/uploads/2024/11/epas-36x23.jpg 36w, https://www.gym-karvina.cz/wp-content/uploads/2024/11/epas-48x31.jpg 48w" sizes="auto, (max-width: 1380px) 100vw, 1380px" /><div class="wp-block-cover__inner-container is-layout-flow wp-block-cover-is-layout-flow">
<h2 class="wp-block-heading" style="font-size:36px"><strong>ČINNOSTI</strong></h2>



<p><strong>Školy, které jsou vybrány k účasti v tomto programu, jmenují učitele hlavními vyslanci a studenty pomocnými vyslanci a ti převezmou odpovědnost za jeho realizaci. Učitelé se starají o vzdělávací aspekt programu a organizují zejména výuku o evropské parlamentní demokracii. Vzdělávací pracovníci mohou používat interaktivní vzdělávací materiály Evropského parlamentu, jež zahrnují obecné informace a fakta o EU, výuku o demokratických dovednostech a účasti na demokracii, simulační hry ve třídě a kvízy. Učitelé a studenti mají například vytvořit informační místo o EU, uspořádat akce ke Dni Evropy nebo vytvářet obsah na sociálních sítích. Udržují kontakt s poslanci Evropského parlamentu a dalšími vyslanci a partnery a komunikují se svými komunitami.</strong></p>
</div></div>



<p></p>



<div class="wp-block-cover" style="min-height:475px;aspect-ratio:unset;"><span aria-hidden="true" class="wp-block-cover__background has-background-dim-60 has-background-dim"></span><img loading="lazy" decoding="async" width="1024" height="576" class="wp-block-cover__image-background wp-image-4178" alt="" src="https://www.gym-karvina.cz/wp-content/uploads/2024/11/image-1024x576.png" data-object-fit="cover" srcset="https://www.gym-karvina.cz/wp-content/uploads/2024/11/image-1024x576.png 1024w, https://www.gym-karvina.cz/wp-content/uploads/2024/11/image-300x169.png 300w, https://www.gym-karvina.cz/wp-content/uploads/2024/11/image-768x432.png 768w, https://www.gym-karvina.cz/wp-content/uploads/2024/11/image-24x14.png 24w, https://www.gym-karvina.cz/wp-content/uploads/2024/11/image-36x20.png 36w, https://www.gym-karvina.cz/wp-content/uploads/2024/11/image-48x27.png 48w, https://www.gym-karvina.cz/wp-content/uploads/2024/11/image.png 1280w" sizes="auto, (max-width: 1024px) 100vw, 1024px" /><div class="wp-block-cover__inner-container is-layout-flow wp-block-cover-is-layout-flow">
<h2 class="wp-block-heading" style="font-size:36px"><strong>AKREDITACE A ODMĚNY</strong></h2>



<p><strong>Na konci každého školního roku jsou činnosti prováděné školami zhodnoceny. Po úspěšném dokončení programu získají školy certifikaci jako školy – vyslanci. Na slavnostním předání, které uspořádá místní kontaktní kancelář Evropského parlamentu, dostanou hlavní a pomocní vyslanci diplomy, často za přítomnosti poslanců Evropského parlamentu, místních a státních představitelů a partnerů. Učitelé a studenti mohou také dostat možnost zúčastnit se zasedání programu Euroscola ve Štrasburku nebo dalších akcí pořádaných Evropským parlamentem v členských státech a v Bruselu nebo Štrasburku.</strong></p>
</div></div>





<p></p>
