{"id":417,"date":"2023-12-05T13:39:14","date_gmt":"2023-12-05T12:39:14","guid":{"rendered":"https:\/\/www.gymplka.cz\/?page_id=417"},"modified":"2024-03-20T13:43:25","modified_gmt":"2024-03-20T12:43:25","slug":"spanelsky-jazyk","status":"publish","type":"page","link":"https:\/\/www.gym-karvina.cz\/?page_id=417","title":{"rendered":"\u0160pan\u011blsk\u00fd jazyk"},"content":{"rendered":"\n<blockquote class=\"wp-block-quote is-layout-flow wp-block-quote-is-layout-flow\">\n<p><strong>E \u00a0 S \u00a0 P \u00a0 A \u00a0 \u00d1 \u00a0 O \u00a0 L<\/strong><\/p>\n<\/blockquote>\n\n\n\n<h4 class=\"wp-block-heading\">P\u0159edm\u011btov\u00e1 komise<\/h4>\n\n\n\n<figure class=\"wp-block-table is-style-regular\"><table><tbody><tr><td class=\"has-text-align-left\" data-align=\"left\">Mgr. Veronika \u010cadov\u00e1<\/td><td class=\"has-text-align-left\" data-align=\"left\"><a href=\"mailto:veronika.cadova@gym-karvina.cz\">veronika.cadova@gym-karvina.cz<\/a><\/td><\/tr><tr><td class=\"has-text-align-left\" data-align=\"left\">Mgr. Petra Adamczyk<\/td><td class=\"has-text-align-left\" data-align=\"left\"><a href=\"mailto:petra.adamczyk@gym-karvina.cz\">petra.adamczyk@gym-karvina.cz<\/a><\/td><\/tr><\/tbody><\/table><\/figure>\n\n\n\n<div class=\"wp-block-columns is-layout-flex wp-container-core-columns-is-layout-9d6595d7 wp-block-columns-is-layout-flex\">\n<div class=\"wp-block-column is-layout-flow wp-block-column-is-layout-flow\">\n<h4 class=\"wp-block-heading\">U\u010debnice<\/h4>\n\n\n\n<ul class=\"wp-block-list\">\n<li><a href=\"https:\/\/www.klett.cz\/eshop\/aventura-1-a1-a2-ucebnice-s-pracovnim-sesitem-mp3-ke-stazeni-p-282.html\" data-type=\"link\" data-id=\"https:\/\/www.klett.cz\/eshop\/aventura-1-a1-a2-ucebnice-s-pracovnim-sesitem-mp3-ke-stazeni-p-282.html\" target=\"_blank\" rel=\"noreferrer noopener\">Aventura 1<\/a><\/li>\n\n\n\n<li><a href=\"https:\/\/www.klett.cz\/eshop\/aventura-2-a2-b1-ucebnice-s-pracovnim-sesitem-mp3-ke-stazeni-p-285.html\" data-type=\"link\" data-id=\"https:\/\/www.klett.cz\/eshop\/aventura-2-a2-b1-ucebnice-s-pracovnim-sesitem-mp3-ke-stazeni-p-285.html\" target=\"_blank\" rel=\"noreferrer noopener\">Aventura 2<\/a><\/li>\n<\/ul>\n<\/div>\n\n\n\n<div class=\"wp-block-column is-layout-flow wp-block-column-is-layout-flow\">\n<h4 class=\"wp-block-heading\">Materi\u00e1ly online<\/h4>\n\n\n\n<ul class=\"wp-block-list\">\n<li><a href=\"http:\/\/www.ver-taal.com\" target=\"_blank\" rel=\"noreferrer noopener\">VerTaal ejercicios<\/a><\/li>\n\n\n\n<li><a href=\"http:\/\/www.videoele.com\" target=\"_blank\" rel=\"noreferrer noopener\">VideoEle\u00a0v\u00eddeos<\/a><\/li>\n\n\n\n<li><a href=\"https:\/\/onlinecviceni.klett.cz\/#languageId=12\" target=\"_blank\" rel=\"noreferrer noopener\">Klett online cvi\u010den\u00ed<\/a><\/li>\n<\/ul>\n<\/div>\n<\/div>\n","protected":false},"excerpt":{"rendered":"<p>E \u00a0 S \u00a0 P \u00a0 A \u00a0 \u00d1 \u00a0 O \u00a0 L P\u0159edm\u011btov\u00e1 komise Mgr. Veronika \u010cadov\u00e1 veronika.cadova@gym-karvina.cz Mgr. Petra Adamczyk petra.adamczyk@gym-karvina.cz U\u010debnice Materi\u00e1ly online<\/p>\n","protected":false},"author":1,"featured_media":0,"parent":0,"menu_order":0,"comment_status":"closed","ping_status":"closed","template":"","meta":{"footnotes":""},"class_list":["post-417","page","type-page","status-publish","hentry"],"_links":{"self":[{"href":"https:\/\/www.gym-karvina.cz\/index.php?rest_route=\/wp\/v2\/pages\/417","targetHints":{"allow":["GET"]}}],"collection":[{"href":"https:\/\/www.gym-karvina.cz\/index.php?rest_route=\/wp\/v2\/pages"}],"about":[{"href":"https:\/\/www.gym-karvina.cz\/index.php?rest_route=\/wp\/v2\/types\/page"}],"author":[{"embeddable":true,"href":"https:\/\/www.gym-karvina.cz\/index.php?rest_route=\/wp\/v2\/users\/1"}],"replies":[{"embeddable":true,"href":"https:\/\/www.gym-karvina.cz\/index.php?rest_route=%2Fwp%2Fv2%2Fcomments&post=417"}],"version-history":[{"count":4,"href":"https:\/\/www.gym-karvina.cz\/index.php?rest_route=\/wp\/v2\/pages\/417\/revisions"}],"predecessor-version":[{"id":2191,"href":"https:\/\/www.gym-karvina.cz\/index.php?rest_route=\/wp\/v2\/pages\/417\/revisions\/2191"}],"wp:attachment":[{"href":"https:\/\/www.gym-karvina.cz\/index.php?rest_route=%2Fwp%2Fv2%2Fmedia&parent=417"}],"curies":[{"name":"wp","href":"https:\/\/api.w.org\/{rel}","templated":true}]}}

Španělský jazyk

<blockquote class="wp-block-quote is-layout-flow wp-block-quote-is-layout-flow">
<p><strong>E   S   P   A   Ñ   O   L</strong></p>
</blockquote>



<h4 class="wp-block-heading">Předmětová komise</h4>



<figure class="wp-block-table is-style-regular"><table><tbody><tr><td class="has-text-align-left" data-align="left">Mgr. Veronika Čadová</td><td class="has-text-align-left" data-align="left"><a href="mailto:veronika.cadova@gym-karvina.cz">veronika.cadova@gym-karvina.cz</a></td></tr><tr><td class="has-text-align-left" data-align="left">Mgr. Petra Adamczyk</td><td class="has-text-align-left" data-align="left"><a href="mailto:petra.adamczyk@gym-karvina.cz">petra.adamczyk@gym-karvina.cz</a></td></tr></tbody></table></figure>



<div class="wp-block-columns is-layout-flex wp-container-core-columns-is-layout-9d6595d7 wp-block-columns-is-layout-flex">
<div class="wp-block-column is-layout-flow wp-block-column-is-layout-flow">
<h4 class="wp-block-heading">Učebnice</h4>



<ul class="wp-block-list">
<li><a href="https://www.klett.cz/eshop/aventura-1-a1-a2-ucebnice-s-pracovnim-sesitem-mp3-ke-stazeni-p-282.html" data-type="link" data-id="https://www.klett.cz/eshop/aventura-1-a1-a2-ucebnice-s-pracovnim-sesitem-mp3-ke-stazeni-p-282.html" target="_blank" rel="noreferrer noopener">Aventura 1</a></li>



<li><a href="https://www.klett.cz/eshop/aventura-2-a2-b1-ucebnice-s-pracovnim-sesitem-mp3-ke-stazeni-p-285.html" data-type="link" data-id="https://www.klett.cz/eshop/aventura-2-a2-b1-ucebnice-s-pracovnim-sesitem-mp3-ke-stazeni-p-285.html" target="_blank" rel="noreferrer noopener">Aventura 2</a></li>
</ul>
</div>



<div class="wp-block-column is-layout-flow wp-block-column-is-layout-flow">
<h4 class="wp-block-heading">Materiály online</h4>



<ul class="wp-block-list">
<li><a href="http://www.ver-taal.com" target="_blank" rel="noreferrer noopener">VerTaal ejercicios</a></li>



<li><a href="http://www.videoele.com" target="_blank" rel="noreferrer noopener">VideoEle vídeos</a></li>



<li><a href="https://onlinecviceni.klett.cz/#languageId=12" target="_blank" rel="noreferrer noopener">Klett online cvičení</a></li>
</ul>
</div>
</div>

<p>E   S   P   A   Ñ   O   L Předmětová komise Mgr. Veronika Čadová veronika.cadova@gym-karvina.cz Mgr. Petra Adamczyk petra.adamczyk@gym-karvina.cz Učebnice Materiály online</p>
